2*b**2 + 53*b + 25. Give j(-14).
-325
Let r(j) = j**3 - 25*j**2 + 81*j + 64. Determine r(21).
1
Let s(g) = -g**3 - 77*g**2 - 726*g - 5. Determine s(-66).
-5
Let k(z) = -2*z**2 - 197*z - 834. What is k(-94)?
12
Let f(j) = -8*j**2 + 1185*j + 1186. What is f(-1)?
-7
Let u(t) = -1130*t + 9013. What is u(8)?
-27
Let u(z) = z**3 - 11*z**2 - 5*z + 1. Give u(11).
-54
Let u(c) = -3*c**3 - 31*c**2 + 29*c + 101. Give u(-11).
24
Let d(r) = -r**3 + r**2 + 22*r + 249. Determine d(8).
-23
Let t(r) = 3*r**3 - 48*r**2 - 52*r + 18. Give t(17).
1
Let v(c) = -423*c + 1779. Determine v(4).
87
Let n(b) = -8*b**3 + 5*b**2 + 8*b + 10. Determine n(-2).
78
Let w(k) = k**3 + 2*k**2 - 6*k - 8. Calculate w(-4).
-16
Let d(a) = -2*a**3 + 5*a**2 + 23*a - 104. Determine d(3).
-44
Let t(s) = 3*s**2 - 9*s - 9. What is t(5)?
21
Let s(j) = -9*j**2 - 10*j. What is s(-1)?
1
Let m(h) = h**3 + 14*h**2 - 15*h - 24. What is m(-15)?
-24
Let n(o) = -2*o**2 + 459*o + 12447. What is n(254)?
1
Let p(b) = 2*b**2 - 64*b + 432. What is p(8)?
48
Let h(p) = p**3 - 16*p**2 + 48*p - 672. Calculate h(15).
-177
Let g(m) = 335*m - 4536. Calculate g(14).
154
Let i(u) = 3*u**2 - 263*u + 2924. Calculate i(13).
12
Let o(x) = 691*x + 15180. Give o(-22).
-22
Let q(n) = n**2 + 52*n - 412. What is q(7)?
1
Let s(v) = 5*v**3 - 38*v**2 + 17*v + 27. Give s(7).
-1
Let d(u) = u**3 - 81*u**2 - 49*u - 2847. What is d(82)?
-141
Let y(q) = q**3 + 16*q**2 + 20*q + 4. Give y(-6).
244
Let j(g) = g**2 + 10*g - 731. Give j(-33).
28
Let r(d) = d**3 - 12*d**2 + 70*d - 483. Calculate r(10).
17
Let h(r) = 18*r - 496. Determine h(28).
8
Let r(c) = c**2 + 2*c - 132. What is r(9)?
-33
Let q(y) = -y**3 + y**2 + 35*y + 120. Give q(8).
-48
Let d(u) = 15*u**3 - 107*u**2 + 16*u - 18. Calculate d(7).
-4
Let j(d) = -4*d**3 + 5*d**2 - 3*d - 4. Give j(-2).
54
Let h(f) = -5*f**3 - 155*f**2 + 119*f - 1338. What is h(-32)?
-26
Let w(u) = u**3 - 8*u**2 + 39*u + 24. Determine w(7).
248
Let i(y) = -49*y**2 - 8*y + 17. Calculate i(4).
-799
Let x(m) = -33*m**2 + 926*m - 61. Give x(28).
-5
Let v(f) = f**3 - 17*f**2 + 11*f - 123. Give v(17).
64
Let c(j) = -j**2 - 4239*j - 29624. What is c(-7)?
0
Let l(y) = -15*y**2 - 86*y + 27. Determine l(-6).
3
Let v(p) = 279*p + 7525. What is v(-27)?
-8
Let d(m) = 29343*m + 117373. Calculate d(-4).
1
Let g(n) = -1281*n + 2605. What is g(2)?
43
Let h(v) = -28*v**2 + 4*v - 8. Calculate h(-2).
-128
Let u(k) = -2*k**3 - 25*k**2 - 89*k - 67. Give u(-6).
-1
Let p(u) = -u**2 - 344*u - 1030. Give p(-3).
-7
Let j(a) = -19*a + 1381. Determine j(49).
450
Let o(k) = -12044*k - 96345. Give o(-8).
7
Let q(y) = y**2 - 6*y - 1148. Determine q(-35).
287
Let a(w) = -39*w - 1290. Determine a(-33).
-3
Let q(i) = -6*i**2 + 4*i + 56. Determine q(-4).
-56
Let y(k) = -44*k - 481. What is y(-12)?
47
Let a(r) = r**3 - 17*r**2 - 32. Give a(0).
-32
Let q(n) = 174*n + 938. Give q(-6).
-106
Let m(y) = -y**3 + 18*y**2 + 12*y - 215. Calculate m(18).
1
Let y(f) = 87*f**3. Determine y(1).
87
Let q(y) = 3*y**2 - 465*y - 440. Calculate q(156).
28
Let j(p) = -3*p**2 + 8*p + 19. What is j(4)?
3
Let n(x) = -x**2 + 20*x + 25. Determine n(-7).
-164
Let r(d) = 13*d**2 - 86*d + 15. What is r(7)?
50
Let l(v) = -v**2 - 392*v + 1171. Calculate l(3).
-14
Let n(u) = -3*u**3 + 11*u**2 + 6*u - 7. What is n(5)?
-77
Let s(n) = -25*n**3 + 3*n**2 - 7*n - 24. What is s(-2)?
202
Let x(i) = 2*i**2 + 17*i - 121. Give x(7).
96
Let y(d) = 7*d**2 + 188*d + 975. Determine y(-20).
15
Let z(o) = -381*o - 1134. Give z(-3).
9
Let m(y) = 26*y**3 - y**2 - 2235*y - 2235. Give m(-1).
-27
Let y(u) = -1917*u + 9554. What is y(5)?
-31
Let c(h) = 15*h**3 - 3*h**2 - h - 7. Calculate c(-2).
-137
Let m(h) = 158*h - 951. Give m(6).
-3
Let t(z) = z**2 - 419*z + 36411. Determine t(123).
3
Let w(v) = -v**3 + 7*v**2 - 40*v - 16. Determine w(5).
-166
Let y(s) = 16*s**3 - 45*s**2 + 28*s - 81. Determine y(3).
30
Let v(h) = -104*h**2 + 12*h - 2. What is v(1)?
-94
Let n(p) = -2*p**3 - 14*p**2 - 16*p - 23. Give n(-6).
1
Let l(z) = z**3 + 4*z**2 + 72*z - 160. What is l(2)?
8
Let k(h) = 42*h + 17. Give k(-9).
-361
Let w(g) = -22*g - 343. Calculate w(-15).
-13
Let v(n) = 22*n**2 + 56*n - 111. Determine v(2).
89
Let g(f) = -f**2 - 279*f + 48927. Determine g(122).
5
Let z(p) = p**2 + 23*p + 224. Determine z(-14).
98
Let o(m) = 9*m**2 - 287*m - 20. Determine o(32).
12
Let a(n) = n**3 + 19*n**2 + 46*n + 536. Determine a(-18).
32
Let i(c) = -c**3 + 5*c**2 + 8*c - 89. Determine i(5).
-49
Let o(d) = 193*d**3 - 2*d**2 - 6*d - 3. Give o(-1).
-192
Let c(b) = -b**3 + 37*b**2 + 28*b + 372. What is c(38)?
-8
Let d(q) = -q**3 - 12*q**2 + 2*q - 34. Determine d(0).
-34
Let x(m) = -m**3 - 3*m - 29. Calculate x(-3).
7
Let q(c) = 1149*c - 8040. Give q(7).
3
Let x(v) = v**3 + 28*v**2 + 156*v - 50. Determine x(-8).
-18
Let w(u) = 741*u**2 - 5185*u - 9. Determine w(7).
5
Let p(b) = 136*b**2 + 84*b - 83. Calculate p(1).
137
Let y(z) = 799*z + 780. Determine y(-1).
-19
Let a(m) = 3*m**3 - 4*m**2 + 4*m + 6. Determine a(-1).
-5
Let n(w) = -460*w + 7741. Give n(17).
-79
Let x(z) = z**3 - 8*z**2 - 12*z - 8. Give x(10).
72
Let b(p) = 32*p + 30. Give b(-2).
-34
Let a(t) = 4*t + 123. Give a(-14).
67
Let i(b) = 226*b + 379. Determine i(-2).
-73
Let l(c) = -8*c**2 - 82*c + 3. What is l(-10)?
23
Let b(g) = -202*g - 1099. Calculate b(-8).
517
Let r(j) = 611*j**2 - 18941*j + 2. Give r(31).
2
Let s(o) = 3*o**2 + 380*o - 1548. Give s(4).
20
Let o(v) = -128*v - 28538. Calculate o(-223).
6
Let v(f) = f**3 + 2*f**2 + f - 27. Determine v(4).
73
Let z(a) = 89*a - 349. Determine z(4).
7
Let f(l) = l**3 + 78*l**2 + 1419*l - 62. Give f(-29).
-4
Let j(a) = 44*a - 1461. Give j(33).
-9
Let x(j) = -j**3 + 3*j**2 - 22*j + 150. Calculate x(5).
-10
Let k(m) = -7*m - 77. What is k(-8)?
-21
Let f(a) = -a**3 - 5*a**2 - a + 32. Calculate f(-6).
74
Let q(i) = -i**3 - 97*i**2 + 230*i + 3172. What is q(-99)?
4
Let f(y) = y**2 + 11*y - 212. Determine f(-23).
64
Let x(o) = -3*o**2 - 14*o + 40. What is x(3)?
-29
Let x(h) = h**3 - 169*h**2 + 196*h - 4694. Determine x(168).
10
Let q(f) = -f**3 - 13*f**2 + 28*f - 33. Give q(-15).
-3
Let p(x) = 8*x**2 - 158*x + 97. Determine p(19).
-17
Let s(r) = -2*r**2 + 84*r - 189. What is s(40)?
-29
Let w(o) = -22*o**2 + 281*o + 388. Calculate w(14).
10
Let b(m) = -m**2 + 42*m - 52. Calculate b(37).
133
Let x(w) = -63*w - 1284. Determine x(-30).
606
Let f(h) = -h**2 - 174*h + 5875. Give f(-203).
-12
Let c(l) = 548*l - 123. Determine c(-1).
-671
Let q(c) = -25*c + 1565. What is q(63)?
-10
Let i(a) = 2*a**2 - 67*a + 315. Give i(28).
7
Let h(g) = -374*g - 1306. What is h(-4)?
190
Let f(m) = m**2 - 57*m + 826. Give f(34).
44
Let c(o) = 9*o - 86. Calculate c(19).
85
Let z(u) = 130*u + 649. Give z(-5).
-1
Let j(r) = r**2 - 18*r - 8. What is j(10)?
-88
Let s(t) = -t**2 - 367*t + 6528. Determine s(17).
0
Let j(x) = -4*x**3 - 20*x**2 - 26*x - 128. Determine j(-5).
2
Let b(t) = -231*t + 57. What is b(0)?
57
Let s(i) = 73*i**2 - 10*i - 7. Determine s(-1).
76
Let k(m) = 2*m**2 + 16*m + 8. Give k(-7).
-6
Let s(h) = h**2 + 61*h + 848. Determine s(-15).
158
Let p(f) = -28170*f + 169015. Give p(6).
-5
Let s(a) = a**3 - 51*a**2 + 5*a - 2978. Calculate s(52).
-14
Let h(j) = 17*j**2 + 167*j - 21. Calculate h(-10).
9
Let m(r) = 2*r**3 + 4*r**2 - 14. Calculate m(4).
178
Let c(j) = -14*j**3 - j**2 + j. Determine c(1).
-14
Let g(o) = -528*o + 3301. Calculate g(6).
133
Let x(w) = 2*w**3 + 17*w**2 - 19*w + 3. What is x(-9)?
93
Let d(y) = 2*y**3 - 7*y**2 + 10*y - 16. What is d(5)?
109
Let k(i) = 35*i - 399. Determine k(9).
-84
Let k(o) = o**2 - 11*o + 7. Give k(2).
-11
Let z(r) = -4*r**3 + 174*r**2 - 98*r + 518. Give z(43).
2
Let s(f) = f**2 - 30*f + 20. Determine s(27).
-61
Let p(h) = -h**3 - 6*h**2 - 20*h - 247. Give p(-8).
41
Let q(d) = d**3 + 84*d**2 + 1641*d + 129316. Give q(-83).
2
Let t(x) = -x**2 - 35*x - 63. Calculate t(-31).
61
Let n(q) = 3*q**2 + 172*q - 712. Give n(4).
24
Let m(n) = 9*n - 202. Determine m(21).
-13
Let f(u) = -10*u - 382. What is f(-17)?
-212
Let k(d) = -57*d**3 - 1369*d**2 - 30*d - 89. Calculate k(-24).
55
Let v(m) = m**2 - 115*m + 1732. Give v(97).
-14
Let o(p) = -12*p - 2423. Determine o(-205).
37
Let x(r) = -53*r + 802. Determine x(12).
166
Let h(n) = n**3 - 16*n**2 + 4*n - 47. Calculate h(16).
17
Let i(m) = -10*m**3 +